{"id":702,"date":"2011-12-09T13:15:22","date_gmt":"2011-12-09T15:15:22","guid":{"rendered":"http:\/\/ricardoartur.com.br\/1001\/?page_id=702"},"modified":"2020-05-04T15:21:45","modified_gmt":"2020-05-04T18:21:45","slug":"recursos","status":"publish","type":"page","link":"https:\/\/ricardoartur.com.br\/1001\/recursos\/","title":{"rendered":"Recursos"},"content":{"rendered":"<p>Abaixo a listagem de recursos did\u00e1ticos dispon\u00edveis em diferentes links deste blog, ordenados por assunto:<\/p>\n<h2>Apresenta\u00e7\u00e3o de slides<\/h2>\n<ul>\n<li>Dicas para apresenta\u00e7\u00e3o em Powerpoint: <a href=\"http:\/\/pt.scribd.com\/doc\/42794372\/Dicas-para-o-design-dos-slides\" target=\"_blank\" rel=\"noopener noreferrer\">http:\/\/pt.scribd.com\/doc\/42794372\/Dicas-para-o-design-dos-slides<\/a><\/li>\n<li>Dicas de uso do Powerpoint: <a href=\"http:\/\/pt.scribd.com\/doc\/42794400\/Dicas-de-uso-do-Powerpoint\" target=\"_blank\" rel=\"noopener noreferrer\">http:\/\/pt.scribd.com\/doc\/42794400\/Dicas-de-uso-do-Powerpoint<\/a><\/li>\n<\/ul>\n<h2>Diagrama\u00e7\u00e3o<\/h2>\n<ul>\n<li>Dicas de diagrama\u00e7\u00e3o:<a href=\"http:\/\/pt.scribd.com\/doc\/41930693\/Dicas-de-diagramacao\" target=\"_blank\" rel=\"noopener noreferrer\"> http:\/\/pt.scribd.com\/doc\/41930693\/Dicas-de-diagramacao<\/a><\/li>\n<li><a href=\"https:\/\/ricardoartur.com.br\/1001\/files\/2011\/06\/Relatorio-novo-editado.pdf\" target=\"_blank\" rel=\"noopener noreferrer\">PDF sobre princ\u00edpios para diagrama\u00e7\u00e3o do relat\u00f3rio<\/a><\/li>\n<li><a href=\"https:\/\/ricardoartur.com.br\/1001\/files\/2011\/05\/apresentacao2011.pdf\" target=\"_blank\" rel=\"noopener noreferrer\">PDF: 20 regras para um bom design<\/a><\/li>\n<li><a href=\"https:\/\/ricardoartur.com.br\/1001\/tag\/files\/2011\/05\/comentarios.pdf\" target=\"_blank\" rel=\"noopener noreferrer\">PDF: Coment\u00e1rios das vinte regras<\/a><\/li>\n<li><a href=\"http:\/\/issuu.com\/fabiolopez\/docs\/tutorial_flopez\" target=\"_blank\" rel=\"noopener noreferrer\">Tutorial: Identidade Visual, Tipografia, Diagrama\u00e7\u00e3o e Naming. <\/a>(por Fabio Lopez)<\/li>\n<li>V\u00eddeos tutoriais de InDesign:\n<ul>\n<li>Criar arquivos &amp; interface: <a href=\"http:\/\/vimeo.com\/30636288\" target=\"_blank\" rel=\"noopener noreferrer\">http:\/\/vimeo.com\/30636288<\/a><\/li>\n<li>P\u00e1ginas mestras &amp; numera\u00e7\u00e3o: <a href=\"http:\/\/vimeo.com\/30961056\" target=\"_blank\" rel=\"noopener noreferrer\">http:\/\/vimeo.com\/30961056<\/a><\/li>\n<li>Ferramentas de texto:<a href=\"http:\/\/vimeo.com\/30965465\" target=\"_blank\" rel=\"noopener noreferrer\"> http:\/\/vimeo.com\/30965465<\/a><\/li>\n<li>Ferramentas de imagem: <a href=\"http:\/\/vimeo.com\/31496782\" target=\"_blank\" rel=\"noopener noreferrer\">http:\/\/vimeo.com\/31496782<\/a><\/li>\n<\/ul>\n<\/li>\n<\/ul>\n<h2>Encaderna\u00e7\u00e3o<\/h2>\n<ul>\n<li>Tutorial para encaderna\u00e7\u00e3o japonesa: <a href=\"http:\/\/pt.scribd.com\/doc\/41931445\/Bind-It-Fast\" target=\"_blank\" rel=\"noopener noreferrer\">http:\/\/pt.scribd.com\/doc\/41931445\/Bind-It-Fast<\/a> (em ingl\u00eas, por Brook West)<\/li>\n<\/ul>\n<h2>Tipografia<\/h2>\n<ul>\n<li><a href=\"https:\/\/ricardoartur.com.br\/1001\/files\/2012\/03\/aula01.pdf\" target=\"_blank\" rel=\"noopener noreferrer\">PDF: Tipografia, no\u00e7\u00f5es b\u00e1sicas.<\/a><\/li>\n<\/ul>\n<h2>Jogos<\/h2>\n<ul>\n<li>Deep Font Challenge (reconhecimento de fontes): <a title=\"Deep Font Challenge\" href=\"http:\/\/www.deep.co.uk\/games\/font_game\/\" target=\"_blank\" rel=\"noopener noreferrer\">http:\/\/www.deep.co.uk\/games\/font_game\/<\/a><\/li>\n<li>Jogo das cores (reconhecimento das cores): <a title=\"Jogo das cores\" href=\"http:\/\/color.method.ac\/\" target=\"_blank\" rel=\"noopener noreferrer\">http:\/\/color.method.ac\/<\/a><\/li>\n<li>Jogo das formas (desenho vetorial): <a title=\"Jogo da forma\" href=\"http:\/\/shape.method.ac\/\" target=\"_blank\" rel=\"noopener noreferrer\">http:\/\/shape.method.ac\/<\/a><\/li>\n<li>Jogo do kerning (espacejamento entre caracteres): <a title=\"Jogo do kerning\" href=\"http:\/\/type.method.ac\/\" target=\"_blank\" rel=\"noopener noreferrer\">http:\/\/type.method.ac\/<\/a><\/li>\n<\/ul>\n<p>Al\u00e9m do material acima, tamb\u00e9m h\u00e1 outros <a href=\"https:\/\/ricardoartur.com.br\/1001\/tag\/jogo\" target=\"_blank\" rel=\"noopener noreferrer\">jogos<\/a>, <a href=\"https:\/\/ricardoartur.com.br\/1001\/tag\/video\/\" target=\"_blank\" rel=\"noopener noreferrer\">v\u00eddeos<\/a> e <a href=\"https:\/\/ricardoartur.com.br\/1001\/tag\/infografico\/\" target=\"_blank\" rel=\"noopener noreferrer\">infogr\u00e1ficos<\/a> que podem ser consultados.<\/p>\n","protected":false},"excerpt":{"rendered":"<p>Abaixo a listagem de recursos did\u00e1ticos dispon\u00edveis em diferentes links deste blog, ordenados por assunto: Apresenta\u00e7\u00e3o de slides Dicas para apresenta\u00e7\u00e3o em Powerpoint: http:\/\/pt.scribd.com\/doc\/42794372\/Dicas-para-o-design-dos-slides Dicas de uso do Powerpoint: http:\/\/pt.scribd.com\/doc\/42794400\/Dicas-de-uso-do-Powerpoint Diagrama\u00e7\u00e3o Dicas de diagrama\u00e7\u00e3o: http:\/\/pt.scribd.com\/doc\/41930693\/Dicas-de-diagramacao PDF sobre princ\u00edpios para diagrama\u00e7\u00e3o do relat\u00f3rio PDF: 20 regras para um bom design PDF: Coment\u00e1rios das vinte regras Tutorial: [&hellip;]<\/p>\n","protected":false},"author":1,"featured_media":0,"parent":0,"menu_order":1,"comment_status":"closed","ping_status":"closed","template":"","meta":{"site-sidebar-layout":"default","site-content-layout":"","ast-site-content-layout":"default","site-content-style":"default","site-sidebar-style":"default","ast-global-header-display":"","ast-banner-title-visibility":"","ast-main-header-display":"","ast-hfb-above-header-display":"","ast-hfb-below-header-display":"","ast-hfb-mobile-header-display":"","site-post-title":"","ast-breadcrumbs-content":"","ast-featured-img":"","footer-sml-layout":"","theme-transparent-header-meta":"","adv-header-id-meta":"","stick-header-meta":"","header-above-stick-meta":"","header-main-stick-meta":"","header-below-stick-meta":"","astra-migrate-meta-layouts":"default","ast-page-background-enabled":"default","ast-page-background-meta":{"desktop":{"background-color":"","background-image":"","background-repeat":"repeat","background-position":"center center","background-size":"auto","background-attachment":"scroll","background-type":"","background-media":"","overlay-type":"","overlay-color":"","overlay-opacity":"","overlay-gradient":""},"tablet":{"background-color":"","background-image":"","background-repeat":"repeat","background-position":"center center","background-size":"auto","background-attachment":"scroll","background-type":"","background-media":"","overlay-type":"","overlay-color":"","overlay-opacity":"","overlay-gradient":""},"mobile":{"background-color":"","background-image":"","background-repeat":"repeat","background-position":"center center","background-size":"auto","background-attachment":"scroll","background-type":"","background-media":"","overlay-type":"","overlay-color":"","overlay-opacity":"","overlay-gradient":""}},"ast-content-background-meta":{"desktop":{"background-color":"var(--ast-global-color-5)","background-image":"","background-repeat":"repeat","background-position":"center center","background-size":"auto","background-attachment":"scroll","background-type":"","background-media":"","overlay-type":"","overlay-color":"","overlay-opacity":"","overlay-gradient":""},"tablet":{"background-color":"var(--ast-global-color-5)","background-image":"","background-repeat":"repeat","background-position":"center center","background-size":"auto","background-attachment":"scroll","background-type":"","background-media":"","overlay-type":"","overlay-color":"","overlay-opacity":"","overlay-gradient":""},"mobile":{"background-color":"var(--ast-global-color-5)","background-image":"","background-repeat":"repeat","background-position":"center center","background-size":"auto","background-attachment":"scroll","background-type":"","background-media":"","overlay-type":"","overlay-color":"","overlay-opacity":"","overlay-gradient":""}},"footnotes":""},"class_list":["post-702","page","type-page","status-publish","hentry"],"_links":{"self":[{"href":"https:\/\/ricardoartur.com.br\/1001\/wp-json\/wp\/v2\/pages\/702","targetHints":{"allow":["GET"]}}],"collection":[{"href":"https:\/\/ricardoartur.com.br\/1001\/wp-json\/wp\/v2\/pages"}],"about":[{"href":"https:\/\/ricardoartur.com.br\/1001\/wp-json\/wp\/v2\/types\/page"}],"author":[{"embeddable":true,"href":"https:\/\/ricardoartur.com.br\/1001\/wp-json\/wp\/v2\/users\/1"}],"replies":[{"embeddable":true,"href":"https:\/\/ricardoartur.com.br\/1001\/wp-json\/wp\/v2\/comments?post=702"}],"version-history":[{"count":9,"href":"https:\/\/ricardoartur.com.br\/1001\/wp-json\/wp\/v2\/pages\/702\/revisions"}],"predecessor-version":[{"id":1247,"href":"https:\/\/ricardoartur.com.br\/1001\/wp-json\/wp\/v2\/pages\/702\/revisions\/1247"}],"wp:attachment":[{"href":"https:\/\/ricardoartur.com.br\/1001\/wp-json\/wp\/v2\/media?parent=702"}],"curies":[{"name":"wp","href":"https:\/\/api.w.org\/{rel}","templated":true}]}}